 9*k - 7. Give g(7).
28
Let p(d) = -3*d**3 - 25*d**2 + 10*d + 104. What is p(-8)?
-40
Let w(o) = -14*o**2 + 73*o + 47. Determine w(6).
-19
Let h(x) = -x**2 + 985. Determine h(-31).
24
Let v(d) = -138*d + 4838. What is v(35)?
8
Let p(g) = g**3 + 9*g**2 + 458*g + 5266. Determine p(-11).
-14
Let i(c) = -2*c**3 + 3*c**2 - 15*c + 35. Determine i(2).
1
Let l(t) = 168*t - 4545. What is l(27)?
-9
Let n(j) = 2*j**2 + 147*j + 334. Calculate n(-67).
-537
Let y(t) = 50*t - 1051. Give y(21).
-1
Let a(t) = 17*t**2 + 1224*t + 2. Give a(-72).
2
Let x(w) = 43*w - 844. Determine x(-11).
-1317
Let l(p) = -966*p - 82109. What is l(-85)?
1
Let u(c) = -c**3 + 4*c**2 + 56*c - 17. What is u(-6)?
7
Let b(y) = 198*y**3 + y - 1. Determine b(1).
198
Let p(q) = -81*q - 545. What is p(-7)?
22
Let h(w) = -w**2 - 54*w + 983. Determine h(14).
31
Let u(a) = 132*a**3 + a**2 + 4*a - 5. Give u(1).
132
Let h(d) = -d**2 + 140*d + 2834. What is h(-18)?
-10
Let u(w) = w**3 + 10*w**2 - 5*w - 43. Determine u(-7).
139
Let f(t) = -2*t**2 + 164*t - 2711. What is f(23)?
3
Let w(t) = 6*t**3 + 14*t**2 + 24*t + 11. Determine w(-4).
-245
Let v(i) = -51*i - 23. Determine v(3).
-176
Let w(h) = -2*h**3 + 42*h**2 - 43*h + 23. Calculate w(20).
-37
Let t(a) = -180*a + 14777. What is t(82)?
17
Let b(y) = 13*y + 38. Determine b(-3).
-1
Let a(z) = -2291*z + 16035. Calculate a(7).
-2
Let i(x) = 2*x**3 + 54*x**2 - 6957*x - 97. What is i(-74)?
-23
Let b(j) = 671*j + 13421. Calculate b(-20).
1
Let k(d) = -d**2 - 344*d + 18372. What is k(47)?
-5
Let k(q) = -12*q + 54. What is k(-27)?
378
Let t(f) = -8*f**2 + 1536*f + 95. Calculate t(192).
95
Let v(r) = r**2 + 5*r - 19. Calculate v(-5).
-19
Let n(o) = 56*o + 643. Give n(-11).
27
Let p(j) = 17*j**2 + 447*j + 134. What is p(-26)?
4
Let j(u) = -156*u + 577. Calculate j(4).
-47
Let z(f) = -f**3 + 14*f**2 - 37*f + 186. What is z(12)?
30
Let i(x) = -190*x + 23755. What is i(125)?
5
Let x(v) = -v**3 + 26*v**2 + 79*v - 25. Give x(-3).
-1
Let q(h) = -h**3 - 3*h**2 - 35*h - 434. Give q(-6).
-116
Let s(h) = -h**2 - 7*h + 137. Calculate s(-14).
39
Let n(m) = -4*m**2 - 1091*m - 6424. Calculate n(-6).
-22
Let x(p) = -p**2 + 35*p - 329. What is x(16)?
-25
Let g(x) = x**3 + 5*x**2 - 14*x - 12. Calculate g(-7).
-12
Let o(i) = -i**2 + 32*i + 77. What is o(38)?
-151
Let o(s) = -2*s**2 - 836*s - 4948. Calculate o(-6).
-4
Let j(h) = -h**2 + 68*h - 12. Determine j(68).
-12
Let r(w) = 2785*w - 5563. What is r(2)?
7
Let k(x) = 3*x**2 - 28*x + 107. Determine k(4).
43
Let m(k) = 6030*k - 54275. Calculate m(9).
-5
Let b(n) = -2*n**3 + 400*n**2 + 2*n - 401. Calculate b(200).
-1
Let c(b) = 75*b - 286. Give c(3).
-61
Let m(i) = i**3 + 11*i**2 - 7*i - 54. Give m(-11).
23
Let h(o) = -o**3 - 8*o**2 + 9*o + 10. Calculate h(-4).
-90
Let l(w) = 7*w + 47. Calculate l(-2).
33
Let w(m) = m**2 + 27*m - 1008. What is w(-48)?
0
Let k(y) = y**3 - 15*y**2 + 17*y - 9. What is k(11)?
-306
Let l(j) = 17*j**3 + 13*j - 9. Give l(3).
489
Let t(i) = 62*i - 24. Give t(4).
224
Let a(q) = 27*q**2 - 637*q + 638. What is a(1)?
28
Let i(m) = -3*m**2 + 35*m - 116. Determine i(5).
-16
Let g(m) = 62*m**2 - 56*m - 151. What is g(-3)?
575
Let x(k) = -49*k + 38. Give x(-2).
136
Let t(v) = -10*v**2 - 80*v + 985. Calculate t(7).
-65
Let m(c) = c**3 + 24*c**2 + 22*c - 21. What is m(-23)?
2
Let d(x) = 40*x - 174. Give d(-7).
-454
Let a(j) = -77*j + 724. Determine a(10).
-46
Let n(i) = -23*i**2 + 6*i - 9. Calculate n(2).
-89
Let o(i) = 764*i + 3795. Calculate o(-5).
-25
Let z(t) = -3*t - 25. Give z(-44).
107
Let y(m) = -102*m - 4888. Determine y(-48).
8
Let b(t) = -6*t**2 - 139*t + 35. Give b(-24).
-85
Let q(g) = 2*g**3 + 28*g**2 + 19*g - 95. Calculate q(-13).
-4
Let h(q) = q**3 - 15*q**2 - 8*q - 453. What is h(17)?
-11
Let z(k) = -k**3 + 4*k**2 - 2*k - 9. Calculate z(4).
-17
Let i(t) = -45*t - 372. What is i(-5)?
-147
Let k(l) = -286*l - 9183. Give k(-33).
255
Let x(o) = 83*o + 404. Give x(-6).
-94
Let n(r) = r**2 + 805*r + 3203. Determine n(-4).
-1
Let m(s) = -102*s - 399. Give m(-4).
9
Let i(u) = u**3 - 46*u**2 + 94*u - 267. What is i(44)?
-3
Let n(l) = 572*l - 9185. Calculate n(16).
-33
Let c(m) = 120*m - 1192. Determine c(10).
8
Let v(m) = -m**3 - 16*m**2 + 42*m + 415. What is v(-17)?
-10
Let i(s) = s**3 + 190*s**2 - 312*s - 23105. Calculate i(-191).
6
Let v(j) = 25*j + 36. What is v(-4)?
-64
Let p(t) = -t**2 - 40*t + 224. What is p(5)?
-1
Let q(n) = 2*n**2 - n - 117. Determine q(10).
73
Let d(u) = -u**3 - 106*u**2 + 105*u - 224. Determine d(-107).
-10
Let h(a) = 103*a - 15556. What is h(151)?
-3
Let d(i) = i**2 + 41*i + 520. Calculate d(-31).
210
Let p(n) = 806*n - 10480. Give p(13).
-2
Let l(t) = 4*t - 244. Determine l(40).
-84
Let w(o) = -o**3 + 13*o**2 - o - 95. Calculate w(12).
37
Let y(s) = -s**3 - 21*s**2 - 38*s - 14. Calculate y(-19).
-14
Let o(t) = -157*t + 255. Give o(5).
-530
Let o(q) = 3*q**3 + 22*q**2 + 11*q - 6. What is o(-10)?
-916
Let h(l) = l**3 + 8*l**2 + 43*l + 154. Determine h(-5).
14
Let b(u) = 24*u + 129. Determine b(-2).
81
Let w(r) = r**3 + 16*r**2 + r - 50. Give w(-16).
-66
Let i(m) = -m**2 + 3038. Calculate i(-55).
13
Let a(u) = -68*u - 6455. Calculate a(-95).
5
Let t(x) = 24*x**2 - 143*x + 13. Determine t(5).
-102
Let z(r) = r**3 - 15*r**2 - 20*r + 352. Determine z(14).
-124
Let m(v) = v**3 + 5*v**2 - 20*v - 69. Determine m(-7).
-27
Let m(u) = -2*u**2 - 30*u - 105. What is m(-7)?
7
Let s(h) = -5*h - 139. Calculate s(-20).
-39
Let k(f) = -6*f + 192. What is k(10)?
132
Let a(t) = t**3 + 59*t**2 + 5. What is a(-59)?
5
Let g(l) = 940*l - 12293. Give g(13).
-73
Let t(v) = v**3 + 12*v**2 + 7*v - 170. Calculate t(-9).
10
Let z(u) = 3*u**2 + 81*u - 107. Determine z(-25).
-257
Let f(w) = -3*w**2 + 6*w + 44. What is f(11)?
-253
Let n(l) = -29*l + 324. Determine n(16).
-140
Let f(i) = 17*i + 547. Determine f(-74).
-711
Let x(c) = -12*c**2 - 1924*c - 653. Determine x(-160).
-13
Let q(l) = -l**2 - 37*l - 4. What is q(-37)?
-4
Let k(p) = -118*p**3 + 2*p**2 - p - 2. Determine k(1).
-119
Let d(r) = 5*r - 119. Give d(28).
21
Let p(z) = z**3 + 13*z**2 + 31*z + 92. Give p(-12).
-136
Let f(a) = a**3 + 6*a**2 + 7*a + 3. Give f(-6).
-39
Let y(x) = 1741*x - 36553. Give y(21).
8
Let q(i) = -34*i**3 + 5*i**2 - 12*i. Calculate q(2).
-276
Let u(z) = 2*z**2 + 59*z + 275. What is u(-28)?
191
Let t(i) = 16*i**2 - 1268*i + 301. Calculate t(79).
-15
Let a(q) = 67*q - 1354. Determine a(18).
-148
Let t(m) = m**2 + 39*m + 325. Determine t(-11).
17
Let f(w) = -2*w**2 - 13*w + 319. Calculate f(-16).
15
Let j(s) = -s**3 + 29*s**2 - 26*s - 30. Give j(28).
26
Let w(k) = k**2 - 120*k - 33672. Calculate w(-133).
-23
Let h(y) = -y**2 + 23*y + 25. Determine h(26).
-53
Let y(f) = 186*f**2 + 929*f + 3. Calculate y(-5).
8
Let x(h) = -h**3 - 5*h**2 + 50*h + 34. Give x(-11).
210
Let s(v) = -v**3 + 20*v**2 + 165*v - 3027. Give s(21).
-3
Let t(s) = 2*s**2 - 110*s - 605. Give t(60).
-5
Let c(r) = -r**3 - 11*r**2 + 6*r - 94. Determine c(-11).
-160
Let c(n) = n**3 + 3*n**2 + 20*n + 97. What is c(-4)?
1
Let i(l) = 17*l**2 + 165*l + 42. Calculate i(-9).
-66
Let m(f) = -15*f + 633. Give m(45).
-42
Let h(o) = -76*o + 745. Give h(10).
-15
Let k(b) = 2*b**3 - 102*b**2 - 660*b - 1370. Give k(57).
-2
Let n(j) = -9311*j - 37247. Give n(-4).
-3
Let h(d) = 53*d - 152. Determine h(3).
7
Let u(j) = -3*j**3 + 198*j**2 + 614*j - 5. Calculate u(-3).
16
Let d(o) = -o**2 - 39*o - 62. Give d(-38).
-24
Let n(g) = -113*g**2 - 2*g - 8. What is n(-2)?
-456
Let f(g) = 12*g**2 + 781*g - 2409. Calculate f(3).
42
Let a(z) = 88*z + 7433. Calculate a(-85).
-47
Let q(a) = a**3 - 35*a**2 + 32*a - 41. What is q(34)?
-109
Let r(m) = 160*m - 486. Give r(3).
-6
Let s(r) = 228*r - 12322. Determine s(54).
-10
Let j(p) = -80*p**2 + 651*p - 88. What is j(8)?
0
Let v(j) = -j**3 - 11*j**2 + 6*j - 29. Determine v(-11).
-95
Let s(c) = -12*c**2 - 77*c + 187. Give s(-8).
35
Let g(y) = y**2 - 47*y + 303. Determine g(8).
-9
Let m(i) = -2*i**3 + 66*i**2 + 11*i + 1955. Determine m(34).
17
Let b(d) = -2*d**2 + 117*d - 1513. Give b(39).
8
Let z(v) = -65*v + 35. Give z(4).
-225
Let s(f) = -1499*f - 31484. What is s(-21)?
-5
Let j(c) = 4*c**3 + 162*c**2 - 247*c + 208. What is j(-42)?
-2
Let z(u) = -1277*u + 21673. Give z(17).
-36
Let v(u) = -u**2 + 37*u - 316. What is v(21)?
20
Let n(q) = q**3